y - 4 = 4*y + 5*d, 2*y - 8 = 2*d. Suppose 0*m = -y*m - 100. Let t be (-15)/2*30/m. Calculate the greatest common divisor of t and 45.
9
Suppose -4*a + 52 = -2*a. Let h = -12 + a. Calculate the greatest common divisor of 14 and h.
14
Suppose -c + 5*i + 17 = 0, -3*c = -0*i - 3*i - 39. What is the greatest common factor of c and 240?
12
Suppose 0 = 4*f + 5*c + 3, 3*f - 7*f + 5*c + 27 = 0. Calculate the highest common factor of 6 and f.
3
Suppose 8*r - 6*r - 10 = 0. Suppose -3*b + 497 = 113. Suppose 122 = r*z - b. What is the highest common divisor of 20 and z?
10
Suppose 0 = -6*b + 5*b + 42. Let o be (21/(-2))/((-2)/4). Calculate the highest common divisor of b and o.
21
Let j = -28 - -10. Let k be (-70)/12 + 3/j. Let q be 249/6 + k/4. Calculate the highest common factor of q and 10.
10
Let y = -5 + 6. Let u be 176/12*3/y. Calculate the highest common divisor of u and 11.
11
Let k(q) = 3*q - 12*q + 31*q + 2 + 31*q. Let t(o) = 3*o**2 - 1. Let i be t(1). Let d be k(i). Calculate the greatest common factor of d and 12.
12
Let b(r) = r + 6. Let i be b(-5). Let g be 2/(i*-2) + 13. Suppose -20 = -4*j, -s - 5*j - 95 = -6*s. What is the highest common divisor of s and g?
12
Let m be -2 + (-24)/(-9) - 44/(-33). Let v = 4 - 16. Let a = -7 - v. Calculate the greatest common factor of a and m.
1
Suppose o + 3*o = 16. Calculate the highest common factor of o and 6.
2
Let o be -2 + (-3 - -2 - -6). Suppose -o*u = u - 20. Calculate the greatest common divisor of 5 and u.
5
Suppose -5 = -0*j + 5*j. Let z = 5 - j. Suppose 9 = 5*r - 2*d, 5*r = 2*r - d + 12. Calculate the greatest common factor of r and z.
3
Let r(c) = 2*c**2 - 16*c - 6. Let p be r(12). What is the greatest common factor of 18 and p?
18
Suppose -2*l + 3*l = 7. What is the greatest common divisor of 1 and l?
1
Let n = 2 + 10. Let d(b) = 3*b**2 + 12*b + 3. Let p be d(-5). What is the greatest common divisor of p and n?
6
Let p(l) = l**2 + 7*l + 1. Let b be p(-7). Let a(s) = 2*s - 8. Let u be a(8). Let n = b + u. What is the highest common divisor of n and 1?
1
Let n be (-1160)/(-4) + -3 - (0 - 1). What is the greatest common divisor of 32 and n?
32
Let l be 336/(-60)*10/(-4). Let u be 32/6 - (-2)/3. Suppose -o + u = -l. Calculate the greatest common divisor of o and 50.
10
Let j = -42 + 63. Suppose -2*o - 2 + 0 = 0, 4*i - 2*o - 14 = 0. Calculate the highest common divisor of i and j.
3
Let t be -30*(-1)/(10/12). Suppose -6*l = -3*l. Suppose -2*h + l*h + 48 = 0. What is the highest common factor of t and h?
12
Let p = -23 - -38. What is the highest common factor of 135 and p?
15
Suppose 4*h + 6 = -3*u, -2*u = -5*h - 0*h - 19. Let o = u + 1. Suppose -o*a - 10 = -8*a. Calculate the highest common divisor of a and 2.
2
Suppose x + 8 = i - 0*x, 5*x - 44 = -2*i. Let a = 0 + i. Suppose 5 = 2*b - 235. What is the greatest common factor of a and b?
12
Let z = 205 + -93. What is the greatest common factor of 84 and z?
28
Let h = 7 - 3. Suppose -h*w + 17 = -27. Suppose 2*x = -2*k + 118, -x - k + 3*k + 47 = 0. What is the greatest common factor of w and x?
11
Let j = -97 + 141. Calculate the greatest common factor of 4 and j.
4
Let s be -3 + 25 - (0 + 2). Calculate the greatest common divisor of s and 50.
10
Let c(t) = 6 + 7*t**2 - 10*t - 6*t**2 + 4. Let w = 13 + -3. Let s be c(w). Calculate the highest common divisor of s and 10.
10
Suppose 0 = -2*m + 162 - 30. What is the greatest common factor of m and 6?
6
Let y(o) = 2*o**2. Let n be y(-1). Let r be (2 - (-1)/(-1))*5. Suppose -r*k + 6 + 34 = 0. Calculate the highest common divisor of n and k.
2
Let v(r) = -7*r**2. Let m(z) = 15*z**2 + 1. Let o(f) = 4*m(f) + 7*v(f). Let t be o(4). What is the greatest common factor of 36 and t?
36
Let o(r) = r**3 + 12*r**2 - 17*r + 12. Let k be o(-13). What is the greatest common divisor of 16 and k?
16
Suppose -g - 2*g + 6 = 0. Suppose -3*o = -g*o - 4. Suppose -o*l - 3*v + 137 = -2*v, 5*l - 3*v = 150. What is the greatest common divisor of 11 and l?
11
Let w be 1476/39 + 10/65 - -4. Calculate the greatest common factor of 126 and w.
42
Let x = 21 - 7. Let r(c) = 2*c**2 + 11*c - 5. Let n be r(-8). Calculate the greatest common divisor of n and x.
7
Suppose 34 = o - 3*l, -3*l = 3*o - 66 - 60. What is the highest common divisor of 10 and o?
10
Suppose 1 = 4*b + 5. Let p be 3 - ((0 - -3) + b). Calculate the greatest common factor of p and 9.
1
Let o be (0 - (1 + -1))/2. Let l = 4 - o. Calculate the greatest common factor of l and 28.
4
Let r = -6 + 10. Suppose r*u - 8 = 12. Calculate the highest common factor of 20 and u.
5
Let b(l) = -l**2 - 6*l + 5. Let s be b(-6). Let g(t) = 0*t - t**2 + 5 - 4*t + 2*t**2. Let m be g(s). What is the greatest common divisor of 70 and m?
10
Let v(y) = -43*y**3 - 1. Let s be v(-1). Let z = 75 + -128. Let l = z + 81. What is the greatest common factor of l and s?
14
Suppose -2*n + 0*n = -4*g + 18, 4*n + 2*g = 14. Let z = n + 11. Calculate the greatest common divisor of z and 3.
3
Let v be -5 + (-3 - -2) + 2. Let j = -8 - v. Let s be j/2 - (-36 + 2). What is the greatest common divisor of s and 4?
4
Suppose -4*w = 32 - 152. Suppose 0 = 646*j - 644*j - 40. What is the greatest common divisor of j and w?
10
Let u(g) = 200*g**3 - g + 1. Let c be u(1). Suppose 5*r = 3*r + 40. Calculate the greatest common divisor of r and c.
20
Suppose 0 = t - 140 + 110. What is the greatest common factor of t and 90?
30
Let h be 140/30*12/14. Let w be (-1)/(((-2)/38)/1). Let o = -7 + w. What is the greatest common factor of h and o?
4
Suppose 0 = 5*c - 3*y + 691 - 1788, 4*c = -3*y + 883. What is the highest common divisor of c and 20?
20
Suppose 0 = c - 4, 2*c - 208 = -5*r - 0*r. Let u(n) = 2*n - 7. Let k be 9 + 1/(-1) + -2. Let w be u(k). What is the highest common factor of w and r?
5
Suppose -12 = -3*v - v. Let l = -1 + v. Let w be l*6/(-9)*-9. What is the greatest common factor of w and 12?
12
Let y = -1 - -11. Calculate the highest common factor of 5 and y.
5
Let b(x) be the third derivative of x**4/12 - 7*x**3/6 + 4*x**2. Let p be b(11). Let y = -8 - -11. What is the highest common factor of y and p?
3
Let x(k) = k**3 + 10*k**2 - 4*k. Let y be x(-6). Let o be (0 + 3/6)/(2/84). Calculate the highest common factor of y and o.
21
Let l be 19 + 0 - 4/1. What is the greatest common divisor of 10 and l?
5
Let c(s) = -s**2 - 6*s + 3. Let g be c(-5). What is the highest common factor of 88 and g?
8
Let d(n) = n + 5. Let l be d(-5). Suppose l = -3*b + 18 + 18. Calculate the greatest common divisor of b and 18.
6
Let c = 2 + -1. Suppose 4 + c = q. Calculate the highest common factor of 45 and q.
5
Let g be 111 - (-4 - -2 - -5). Let p = -54 + g. What is the greatest common factor of 36 and p?
18
Let m = 16 - 1. Suppose 53 = s - 7. Calculate the highest common divisor of s and m.
15
Suppose -3*n + 3 = -3. Let y(z) = -1 + 2*z - 1 + 0*z**2 + 0 + 2*z**n. Let j be y(2). What is the highest common factor of j and 4?
2
Suppose -3*f + 2*u = 46, 5*f + 4*u = -0*f - 40. Let b(q) = -6 - 7*q - 2 + 0*q + 6*q. Let k be b(f). What is the greatest common divisor of 32 and k?
4
Suppose -5*i + 1249 = 3*w - 1238, 1996 = 4*i + 4*w. What is the greatest common factor of 45 and i?
45
Let w(o) = -o**2 + 3. Let r be w(0). Suppose 4*b - 12 = r*b. What is the highest common factor of 3 and b?
3
Let p be 1 - ((0 - -1) + -142). Suppose -5*o + p = -68. Suppose -o = -5*s + 8. What is the greatest common divisor of s and 2?
2
Let u be 2/(22/20 + -1). Let t be 12 - (0 + -2 - -6). Calculate the highest common divisor of u and t.
4
Let h = -11 - -21. Let q(b) = 4*b - 8. Let y be q(7). What is the highest common divisor of y and h?
10
Let u be (-10)/(((-5)/(-60))/((-1)/2)). Calculate the greatest common divisor of u and 20.
20
Let f = 91 + -60. Calculate the highest common factor of 279 and f.
31
Let i be (-10 + 4/2)*-1. Suppose 5*j = y - 59, 5*y = 3*j + 257 + 60. What is the highest common factor of y and i?
8
Let b be (-4)/(1*2/(-84)). What is the highest common divisor of b and 21?
21
Let d be 22*((-6)/(-4) + -1). Calculate the highest common factor of 55 and d.
11
Suppose 30*y = 34*y - 84. What is the greatest common factor of 42 and y?
21
Let w = -91 - -115. Calculate the highest common divisor of w and 180.
12
Suppose 5*v - 2*q + 0*q - 631 = 0, 5*q